{"id":2663,"date":"2024-03-22T14:51:08","date_gmt":"2024-03-22T14:51:08","guid":{"rendered":"https:\/\/sports.bourgognefranchecomte.fr\/?page_id=2663"},"modified":"2025-10-09T11:01:46","modified_gmt":"2025-10-09T09:01:46","slug":"mentions-legales","status":"publish","type":"page","link":"https:\/\/sports.bourgognefranchecomte.fr\/index.php\/mentions-legales\/","title":{"rendered":"Mentions l\u00e9gales"},"content":{"rendered":"<p>[et_pb_section fb_built=\u00a0\u00bb1&Prime; _builder_version=\u00a0\u00bb4.24.2&Prime; _module_preset=\u00a0\u00bbdefault\u00a0\u00bb global_colors_info=\u00a0\u00bb{}\u00a0\u00bb][et_pb_row _builder_version=\u00a0\u00bb4.24.2&Prime; _module_preset=\u00a0\u00bbdefault\u00a0\u00bb global_colors_info=\u00a0\u00bb{}\u00a0\u00bb][et_pb_column type=\u00a0\u00bb4_4&Prime; _builder_version=\u00a0\u00bb4.24.2&Prime; _module_preset=\u00a0\u00bbdefault\u00a0\u00bb global_colors_info=\u00a0\u00bb{}\u00a0\u00bb][et_pb_heading title=\u00a0\u00bbMentions l\u00e9gales\u00a0\u00bb _builder_version=\u00a0\u00bb4.24.2&Prime; _module_preset=\u00a0\u00bbdefault\u00a0\u00bb title_font_size=\u00a0\u00bb3em\u00a0\u00bb global_colors_info=\u00a0\u00bb{}\u00a0\u00bb][\/et_pb_heading][et_pb_text _builder_version=\u00a0\u00bb4.24.3&Prime; _module_preset=\u00a0\u00bbdefault\u00a0\u00bb global_colors_info=\u00a0\u00bb{}\u00a0\u00bb]<\/p>\n<h2>EDITEUR<\/h2>\n<p><strong>Directeur de la publication<\/strong> : J\u00e9r\u00f4me DURAIN, pr\u00e9sident de la R\u00e9gion Bourgogne-Franche-Comt\u00e9<\/p>\n<p><strong>Directeur de la r\u00e9daction<\/strong> : Marie CAILLEAUD, directrice de la communication et des relations avec les citoyens<\/p>\n<p><strong>Production \u00e9ditoriale<\/strong> : Direction de la communication et des relations avec les citoyens.<\/p>\n<p>&nbsp;<\/p>\n<h2>CREDITS<\/h2>\n<p><strong>Cr\u00e9dits photos<\/strong> : Xavier Ducordeaux, Christophe Bidal, Dean Alberga World archery, T. Nguyen, Icon Sport, P.Millereau, FDJsport, archives ER \/Pierre Rolin, Madeinfoot.com, Cl\u00e9ment Daniou FFBB, Purfilm<\/p>\n<p><strong>D\u00e9veloppement du site<\/strong> : R\u00e9gion Bourgogne-Franche-Comt\u00e9<\/p>\n<p><strong>H\u00e9bergement<\/strong> : R\u00e9gion Bourgogne-Franche-Comt\u00e9<\/p>\n<p>Ce site a \u00e9t\u00e9 r\u00e9alis\u00e9 sur le logiciel libre WordPress.<\/p>\n<p>&nbsp;<\/p>\n<h2>PROTECTION DES DONN\u00c9ES<\/h2>\n<p><a href=\"https:\/\/www.bourgognefranchecomte.fr\/Protection-des-donnees\">https:\/\/www.bourgognefranchecomte.fr\/Protection-des-donnees<\/a><\/p>\n<p>&nbsp;<\/p>\n<p>&nbsp;<\/p>\n<h2>PROPRI\u00c9T\u00c9 INTELLECTUELLE<\/h2>\n<p>L\u2019ensemble de ce site rel\u00e8ve de la l\u00e9gislation fran\u00e7aise et internationale sur le droit d\u2019auteur et la propri\u00e9t\u00e9 intellectuelle. Tous les droits de reproduction sont r\u00e9serv\u00e9s, y compris \u00e0 l\u2019\u00e9gard des documents t\u00e9l\u00e9chargeables et des repr\u00e9sentations iconographiques et photographiques. Toute reproduction \u2013 m\u00eame partielle et quel qu\u2019en soit le format ou le support \u2013 du site de la R\u00e9gion Bourgogne-Franche-Comt\u00e9 est strictement interdite sans autorisation \u00e9crite pr\u00e9alable, sauf pour un usage priv\u00e9 sans aucune vis\u00e9e commerciale.<\/p>\n<p><strong>Responsabilit\u00e9<\/strong> \u2013 En tout \u00e9tat de cause, la responsabilit\u00e9 de la R\u00e9gion ne saurait \u00eatre retenue en cas de pr\u00e9judice direct ou indirect (notamment tout pr\u00e9judice financier, commercial, perte de programmes ou de donn\u00e9es) r\u00e9sultant de l\u2019usage du site de la R\u00e9gion Bourgogne-Franche-Comt\u00e9 et de l\u2019utilisation des donn\u00e9es et informations qui y sont mises en ligne. En particulier, la R\u00e9gion d\u00e9cline toute responsabilit\u00e9 \u00e0 l\u2019\u00e9gard de tout dommage li\u00e9 \u00e0 l\u2019utilisation des liens hypertextes mis en ligne sur le site de la R\u00e9gion Bourgogne-Franche-Comt\u00e9 et \u00e0 la consultation des sites auxquels ils renvoient. Il est express\u00e9ment rappel\u00e9 que la R\u00e9gion n\u2019a aucun contr\u00f4le ni aucune responsabilit\u00e9 sur le contenu de ces sites. Il incombe donc \u00e0 chaque internaute de prendre les pr\u00e9cautions n\u00e9cessaires afin de s\u2019assurer que le site s\u00e9lectionn\u00e9 pour son usage n\u2019est pas infest\u00e9 de virus, cheval de Troie ou autre parasite de nature destructive.<\/p>\n<p>&nbsp;<\/p>\n<h2>COOKIES<\/h2>\n<p>Les cookies sont des petits fichiers texte d\u00e9pos\u00e9s sur votre ordinateur lors de la visite d\u2019un site. Ils ont pour but de collecter des informations relatives \u00e0 votre navigation sur les sites et de vous adresser des services personnalis\u00e9s. Dans votre ordinateur, les cookies sont g\u00e9r\u00e9s par votre navigateur internet.<\/p>\n<p>La R\u00e9gion Bourgogne-Franche-Comt\u00e9 utilise des cookies d\u2019audience de type \u00ab\u00a0Matomo\u00a0\u00bb param\u00e9tr\u00e9 en mode anonyme pour notre usage interne.<\/p>\n<p>Vous \u00eates libre d\u2019accepter ou refuser l\u2019utilisation des cookies. Quel que soit votre choix, vous aurez acc\u00e8s aux m\u00eames contenus et b\u00e9n\u00e9ficierez de la m\u00eame exp\u00e9rience de navigation.<\/p>\n<p>[\/et_pb_text][et_pb_text _builder_version=\u00a0\u00bb4.24.2&Prime; _module_preset=\u00a0\u00bbdefault\u00a0\u00bb global_colors_info=\u00a0\u00bb{}\u00a0\u00bb][\/et_pb_text][\/et_pb_column][\/et_pb_row][\/et_pb_section]<\/p>\n","protected":false},"excerpt":{"rendered":"<p>EDITEUR Directeur de la publication : J\u00e9r\u00f4me DURAIN, pr\u00e9sident de la R\u00e9gion Bourgogne-Franche-Comt\u00e9 Directeur de la r\u00e9daction : Marie CAILLEAUD, directrice de la communication et des relations avec les citoyens Production \u00e9ditoriale : Direction de la communication et des relations avec les citoyens. &nbsp; CREDITS Cr\u00e9dits photos : Xavier Ducordeaux, Christophe Bidal, Dean Alberga World [&hellip;]<\/p>\n","protected":false},"author":1,"featured_media":0,"parent":0,"menu_order":0,"comment_status":"closed","ping_status":"closed","template":"","meta":{"_et_pb_use_builder":"on","_et_pb_old_content":"","_et_gb_content_width":"","footnotes":""},"class_list":["post-2663","page","type-page","status-publish","hentry"],"publishpress_future_action":{"enabled":false,"date":"2026-04-28 04:28:59","action":"change-status","newStatus":"draft","terms":[],"taxonomy":"","extraData":[]},"publishpress_future_workflow_manual_trigger":{"enabledWorkflows":[]},"_links":{"self":[{"href":"https:\/\/sports.bourgognefranchecomte.fr\/index.php\/wp-json\/wp\/v2\/pages\/2663","targetHints":{"allow":["GET"]}}],"collection":[{"href":"https:\/\/sports.bourgognefranchecomte.fr\/index.php\/wp-json\/wp\/v2\/pages"}],"about":[{"href":"https:\/\/sports.bourgognefranchecomte.fr\/index.php\/wp-json\/wp\/v2\/types\/page"}],"author":[{"embeddable":true,"href":"https:\/\/sports.bourgognefranchecomte.fr\/index.php\/wp-json\/wp\/v2\/users\/1"}],"replies":[{"embeddable":true,"href":"https:\/\/sports.bourgognefranchecomte.fr\/index.php\/wp-json\/wp\/v2\/comments?post=2663"}],"version-history":[{"count":11,"href":"https:\/\/sports.bourgognefranchecomte.fr\/index.php\/wp-json\/wp\/v2\/pages\/2663\/revisions"}],"predecessor-version":[{"id":5010,"href":"https:\/\/sports.bourgognefranchecomte.fr\/index.php\/wp-json\/wp\/v2\/pages\/2663\/revisions\/5010"}],"wp:attachment":[{"href":"https:\/\/sports.bourgognefranchecomte.fr\/index.php\/wp-json\/wp\/v2\/media?parent=2663"}],"curies":[{"name":"wp","href":"https:\/\/api.w.org\/{rel}","templated":true}]}}